 - l, l = 0. Let g = d - -6. Is g a composite number?
False
Let j(r) = 1542*r**2 + 3*r - 2. Is j(1) composite?
False
Is (-1 - -790) + 4/(-2) a prime number?
True
Is (-4 - -739) + (-7)/(14/4) a composite number?
False
Let q = 215 - 126. Is q a prime number?
True
Let b(j) = 7*j - 3*j - 2*j + 5 + 5*j**2 - j**3. Is b(5) a prime number?
False
Let n(m) = 5*m**2 + 5*m - 13. Is n(-11) a prime number?
False
Let f(p) = 7*p**3 + 5*p**2 - 15*p + 15. Let z(a) = -3*a**3 - 3*a**2 + 7*a - 7. Let s(q) = -4*f(q) - 9*z(q). Let c be 1*2/4*12. Is s(c) prime?
False
Let t(k) = -375*k - 20. Is t(-11) a composite number?
True
Let m = 1 - -1. Suppose 4*s - 376 = -4*x, s = 7*x - m*x - 440. Is x composite?
False
Suppose -3*n + 0*n + y + 15 = 0, -5*n + 14 = 2*y. Suppose 2*v - 4*t = 80, 0*v + n*t = v - 36. Suppose -2*s + 4*s = v. Is s a composite number?
True
Let t be 0*2*4/(-8). Suppose 3*w + 2*f - 175 = 0, t = 2*w - f - 2*f - 95. Is w a prime number?
False
Suppose -5*x = 3*z - 17 + 121, 2*z + 5*x + 76 = 0. Is (-2 - z/12)*921 prime?
True
Suppose 4*n - 2*h - 8 = 0, h - 3 = -5*n - 0*h. Let p = 4 + n. Suppose 641 = p*v + 3*u, -5*v + 625 = 2*u - 7*u. Is v composite?
False
Suppose 4 = -3*q + 5*q. Let l = q + -2. Suppose 0 = -l*s + 2*s - 174. Is s a prime number?
False
Let h = 75 + -53. Suppose 5*x - h = -2*g + 3*g, 0 = -4*x + 2*g + 20. Suppose 0 = -6*p + p - 5*w + 50, -p + 7 = x*w. Is p prime?
True
Let d = 94 + -15. Is d composite?
False
Let o = -10 - -12. Suppose 4*q - y - y - 4 = 0, -4*q - 4*y = 8. Suppose -2*p + 22 = o*a, q = p - 1 - 3. Is a prime?
True
Let g(w) = w**2 - 9*w - 8. Let p be g(9). Let s(n) = 10*n**2 + 8*n + 5. Is s(p) a composite number?
True
Let f(j) = 2 - 3*j**2 + 2*j**2 - 5*j + j**3 + 2. Let g be f(6). Suppose -v + 3 = 0, 2*y + 2*y + 2*v - g = 0. Is y a prime number?
True
Is 479 + 7 + -5 + 1 a composite number?
True
Suppose 0 = -2*z + 128 - 28. Let n = -11 + z. Is n composite?
True
Is 2 - (-1 - 1836/(1 - 0)) a prime number?
False
Let h be (-19)/5 + (-1)/5. Is (-34)/(h - -2 - -1) prime?
False
Let m be (-4)/6 - (-4)/6. Is (m + -1)*-6*1 prime?
False
Suppose -2*c + 219 = -0*c - 5*k, -3*c = 5*k - 391. Suppose o - c - 24 = 0. Is o prime?
False
Let l(y) = -465*y - 2. Is l(-1) a prime number?
True
Suppose -p + 9 = 2*p. Suppose 2*l - 3*d = d - 12, 5 = -2*l - p*d. Is 332/6 - l/(-12) a prime number?
False
Let k = 330 + 2788. Is k/14 - 10/(-35) composite?
False
Suppose -4*m + 4*c + 6948 = 0, -5*m + 13527 = 3*c + 4810. Is m prime?
True
Let a = 9 + -9. Suppose a*g - g + 9 = 0. Suppose -4*v = 16, -2*v - 3 = 2*o - g. Is o composite?
False
Let t be (-22)/(-6) - 4/(-12). Suppose -5*i = 32 - 7, t*j - 4*i - 268 = 0. Suppose -p + 35 + j = 0. Is p a composite number?
False
Let q(n) = 2*n**2 - 12*n. Let a be q(-11). Let l = -213 + a. Is l a prime number?
False
Suppose -17 = -j - 2*z, 5*j + 4*z = j + 52. Let y(p) = 3*p**2 + 3*p + 5. Let i(s) = -4*s**2 - 3*s - 5. Let m(x) = -4*i(x) - 5*y(x). Is m(j) prime?
False
Let f be (2/5)/(1/(-5)). Let z(q) = -2*q - 2. Let p be z(f). Suppose d + 35 = p*d. Is d a prime number?
False
Suppose -4*r + s + 50 = -4*s, -5*r + 3*s = -56. Suppose -2*o = -7*o - r. Is (22/4)/(o/(-12)) prime?
False
Let g(o) = 6*o**3 + 2*o**2 - o + 5. Is g(6) a composite number?
False
Suppose -4*r - 20 = -8. Let t = r + -1. Is 21/(-6)*t + 1 a composite number?
True
Let n = -136 + 257. Suppose -4*y + n + 107 = -4*p, -3*y = -2*p - 167. Is y a composite number?
False
Let f(a) = -a**3 + a**2 + a + 31. Suppose 0 = -2*x - 4*q, -5*x = -q - 0*q. Is f(x) composite?
False
Let x(t) = -5*t**3 - 7*t**2 + 3*t + 3. Let l be x(-5). Let p = 5 - 3. Suppose -l = -5*o - 3*q, -3*o + 440 = p*o + 5*q. Is o a prime number?
False
Let r(j) = j - 5*j - 2 - 3 + 11*j**2. Is r(-2) composite?
False
Suppose 647 = 5*k - 2*w, 0 = 2*k + 2*w - 0*w - 270. Is k a composite number?
False
Let m(d) = -d**3 + 25*d**2 + 29*d - 52. Is m(25) a composite number?
False
Let d be 2 - (1 + 1 + -992). Suppose -5*w + 3*l + d = 0, 4*w = l + 4*l + 804. Suppose -k - 53 = -z, 4*z + 6*k - w = 2*k. Is z a prime number?
False
Suppose 0 = -4*q - 52 - 492. Let c(i) = i**3 - 5*i**2 + 1. Let n be c(8). Let s = n + q. Is s prime?
False
Let a(c) = -167*c + 4. Is a(-3) a composite number?
True
Let n(m) = m + 83. Let v(z) = 2*z + 84. Let b(f) = 3*n(f) - 2*v(f). Let o be b(0). Suppose 7 = -2*a + o. Is a composite?
False
Suppose 5*v = -10, -3*t - v = 4*v - 17933. Is t composite?
False
Let c = 3417 - 2420. Is c composite?
False
Let k be (-39)/(-15) + 6/15. Suppose -5*i + 38 = k*o, 4*o = -o - 2*i + 95. Is o composite?
True
Let u(y) = 5*y**2 - y - 1. Let l(v) = -v**3 - 3*v**2 + v - 1. Let h be l(-3). Let q be u(h). Let k = -57 + q. Is k composite?
True
Let r = 66 - 40. Suppose b + r = 3*b. Is b a prime number?
True
Let x = 129 + 118. Is x prime?
False
Suppose -8*h + 14*h = 9462. Is h prime?
False
Suppose 211 + 253 = 4*h. Is ((-35)/14)/((-2)/h) composite?
True
Let o be 3*(-5)/(-1)*2. Suppose -t - o = -3*t. Is t composite?
True
Let n(f) be the second derivative of -f**5/20 - f**4/2 + 7*f**3/6 - 3*f. Let q be n(-7). Is 1 - (q + -81 + -1) a composite number?
False
Suppose -5*k - 130 = -3475. Is k composite?
True
Is 2*1*(-5 + (-9110)/(-20)) prime?
False
Is (1148/(-10))/(20/(-50)) prime?
False
Let z be (-75)/(-27) - (-6)/27. Suppose 3*a + 23 = s, -28 - 19 = -s - z*a. Is s composite?
True
Let x(q) = 27*q - 1. Suppose -s + 3*n = -11, 8*s = 3*s - 4*n - 2. Is x(s) composite?
False
Is ((-2)/5 - (-1665)/(-25))*-5 a composite number?
True
Let t = -372 - -603. Suppose -5*g = -2*g - t. Is g a composite number?
True
Let b(n) = n - 1. Let g be b(7). Is 2/g + 632/12 a composite number?
False
Let m(g) = -414*g + 1. Let a be m(-1). Suppose 0 = z + 4*z - a. Is z a prime number?
True
Let b(l) = -l**2 + 4*l + 4. Let u be b(4). Suppose 0 = u*y - 5*y + 565. Is y a composite number?
True
Let l = -149 - -99. Let y = 97 + l. Is y prime?
True
Suppose -4*p = -m + 36, -5*p = 5*m + 14 + 6. Let u be 4*(-2 - 82/p). Is (0 - (1 + -2)) + u a composite number?
True
Let t be (48832/10)/(6/45). Let l be t/88 - 2/11. Let v = l + -295. Is v a composite number?
True
Let h(g) = -139*g. Let t be h(-1). Suppose 156 = 5*q - t. Is q a prime number?
True
Let w(y) = 244*y + 1. Let h be w(1). Suppose -3*b + h = -8*b. Let f = 80 + b. Is f composite?
False
Let s = -7 + 8. Is (2 - s - 0) + 88 composite?
False
Let v = 410 + 75. Is v composite?
True
Suppose c + 22 = -5. Let r be (-6)/15 - c/5. Suppose 3*z + 322 = r*j - 718, -j + 191 = -4*z. Is j a composite number?
False
Suppose h = -2*h - 825. Is (h - 3)/(-2 + 0) prime?
True
Let s be 41/(-3)*6*-1. Suppose 3*b = b - 2*l + 78, 2*b + 4*l - s = 0. Is b a composite number?
False
Let b(s) = s**2 + s - 4. Let d be b(-3). Let p(u) = 2 - 4 + 1 + 2*u + 66*u**d. Is p(1) composite?
False
Let z(w) = -12*w**3 - 4*w**2 - 5*w - 1. Let v(q) = -49*q**3 - 16*q**2 - 21*q - 4. Let t(h) = -2*v(h) + 9*z(h). Is t(-2) composite?
True
Let v = -40 + 35. Let a(r) be the first derivative of r**4/4 + 4*r**3/3 - 3*r**2 + 5*r - 1. Is a(v) a prime number?
False
Suppose -k + 1257 = 190. Is k prime?
False
Suppose 6*c = 6711 - 765. Is c prime?
True
Let z(s) = -s**3 + 5*s**2 + 6*s - 9. Let g be z(6). Let u = 6 + g. Is (22/4)/(u/(-6)) a composite number?
False
Suppose -v = -3*f + 1936, -v + 3204 = 5*f + 3*v. Suppose 0 = 4*h - 0*h - f. Is h a prime number?
False
Let t = 46 - -165. Is t composite?
False
Suppose -2*o - 3*o - 35 = 0. Let z(q) = q**3 + 12*q**2 - 3*q + 7. Let j(m) = -m**2 - m - 1. Let f(n) = 6*j(n) + z(n). Is f(o) composite?
True
Let r = -3 + 11. Let d = -5 + r. Suppose -4*f - d*y = -52 - 49, -3*f + 2*y = -80. Is f prime?
False
Let w = 25 - 6. Let i(c) = c + c**3 - 3*c**2 + w + 0*c + 2*c**2. Is i(0) prime?
True
Let b(q) = -q + 6. Let t be b(7). Let j be 63 + 0 + (t - -1). Let m = j + -16. Is m a composite number?
False
Let l(u) = -u**3 + 5*u**2 - 2. Let w be l(5). Let t = -2 - w. Suppose t = 4*h - 128 - 24. Is h a prime number?
False
Let n be 3/(-6) + 41/2. Suppose -163 = -u + 4*s, -2*u - n = -4*s - 326. Is u prime?
False
Let g(j) be the third derivative of j**5/30 + j**3/6 + j**2. Is g(4) a prime number?
False
Let w(l) = l**2 + 7*l - 3. Let m be w(-8). Suppose m*h - 107 = 108. Suppose -z - 29 = -3*a + 30, -h = -3*a + 5*z. Is a prime?
False
Let y(o) = o**2 + 5*o + 1. Le